{"id":412,"date":"2023-01-30T19:37:12","date_gmt":"2023-01-30T14:37:12","guid":{"rendered":"https:\/\/clubveloids.org\/?page_id=412"},"modified":"2026-03-04T14:05:23","modified_gmt":"2026-03-04T19:05:23","slug":"repertoire-des-membres-2025","status":"publish","type":"page","link":"https:\/\/clubveloids.org\/wordpress\/repertoire-des-membres-2025\/","title":{"rendered":"R\u00e9pertoire des membres 2026"},"content":{"rendered":"<p><div class=\"ihc-locker-wrap\"><div  class='ihc_locker_3'><div  class='lk_wrapper'><\/div><div class='lock_content'><p><strong><\/p>\n<p>Ce contenu est priv\u00e9.<\/strong><\/p>\n<p>Pour avoir acc\u00e8s \u00e0 ce contenu vous devez \u00eatre <strong>\"connect\u00e9 \u00e0 votre compte\"<\/strong>,<\/p>\n<p>et \u00eatre un <strong>membre en r\u00e8gle<\/strong> pour notre <strong>\"Saison 2026\"<\/strong><\/p>\n<\/div><div class='lock_buttons'>\n  <!-- Login Form - Start -->\n  <div class=\"ihc-login-form-wrap ihc-login-template-12\">\n      <form method=\"post\" id=\"ihc_login_form\">\n          <input type=\"hidden\" name=\"ihcaction\" value=\"login\" \/>\n          <input type=\"hidden\" name=\"ihc_login_nonce\" value=\"7bc1b9dc93\" \/>\n\n          \n                    <!-- Username field -->\n          <div class=\"impu-form-line-fr\">\n              <i class=\"fa-ihc fa-username-ihc\"><\/i>\n              <input type=\"text\" value=\"\" name=\"log\" id=\"iump_login_username\" placeholder=\"Utilisateur\"\/>\n          <\/div>\n          <!-- End of username field -->\n          \n                    <!-- Password field -->\n          <div class=\"impu-form-line-fr\">\n              <i class=\"fa-ihc fa-pass-ihc\"><\/i>\n              <input type=\"password\" value=\"\" name=\"pwd\" id=\"iump_login_password\" placeholder=\"Mot de passe\"\/>\n              <span  class=\"ihc-hide-login-pw hide-if-no-js\" data-toggle=\"0\" aria-label=\"Show password\">\n              <span class=\"dashicons dashicons-visibility\" aria-hidden=\"true\"><\/span>\n                <\/span>\n          <\/div>\n          <!-- End of Password field -->\n          \n          \n          <!-- Remember me checkbox -->\n                    <div class=\"impu-remember-wrapper\">\n              <input type=\"checkbox\" value=\"forever\" name=\"rememberme\" class=\"impu-form-input-remember\" \/>\n              <span class=\"impu-form-label-remember\">Se souvenir de moi<\/span>\n          <\/div>\n                    <!-- End of remember me --->\n\n          <!-- Additional links -->\n                        <div class=\"impu-form-links-pass\"><a href=\"https:\/\/clubveloids.org\/wordpress\/lost-password\/\">Mot de passe oubli\u00e9 ?<\/a><\/div>\n                    <!-- End of Aditional links -->\n\n          <div class=\"ihc-clear\"><\/div>\n\n          <!-- captcha -->\n                    <!-- end of captcha -->\n\n          <!-- Submit bttn -->\n                        <div class=\"impu-form-line-fr impu-form-submit\">\n                  <input type=\"submit\" value=\"Se connecter\" name=\"Submit\"  class=\"button button-primary button-large\"\/>\n              <\/div>\n                    <!-- End of Submit bttn -->\n\n\n                    <!-- Social -->\n                                        <!-- End of Social -->\n\n          <!-- Additional links -->\n                    <!-- End of Aditional links -->\n\n      <\/form>\n  <\/div>\n\n  \n  <span class='ihc-js-login-data'\tdata-user_field='#iump_login_username' data-password_field='#iump_login_password' data-error_message='Veuillez compl\u00e9ter tous les champs.' ><\/span>\n  <!-- End of Login Form -->\n\n<\/div><\/div><\/div><\/p>\n","protected":false},"excerpt":{"rendered":"<p>Ce contenu est priv\u00e9. Pour avoir acc\u00e8s \u00e0 ce contenu vous devez \u00eatre \u00ab\u00a0connect\u00e9 \u00e0 votre compte\u00a0\u00bb, et \u00eatre un membre en r\u00e8gle pour notre \u00ab\u00a0Saison 2026\u00a0\u00bb Se souvenir de&#8230;<\/p>\n","protected":false},"author":1,"featured_media":0,"parent":0,"menu_order":0,"comment_status":"closed","ping_status":"closed","template":"","meta":{"_tec_requires_first_save":true,"_kad_blocks_custom_css":"","_kad_blocks_head_custom_js":"","_kad_blocks_body_custom_js":"","_kad_blocks_footer_custom_js":"","_EventAllDay":false,"_EventTimezone":"","_EventStartDate":"","_EventEndDate":"","_EventStartDateUTC":"","_EventEndDateUTC":"","_EventShowMap":false,"_EventShowMapLink":false,"_EventURL":"","_EventCost":"","_EventCostDescription":"","_EventCurrencySymbol":"","_EventCurrencyCode":"","_EventCurrencyPosition":"","_EventDateTimeSeparator":"","_EventTimeRangeSeparator":"","_EventOrganizerID":[],"_EventVenueID":[],"_OrganizerEmail":"","_OrganizerPhone":"","_OrganizerWebsite":"","_VenueAddress":"","_VenueCity":"","_VenueCountry":"","_VenueProvince":"","_VenueState":"","_VenueZip":"","_VenuePhone":"","_VenueURL":"","_VenueStateProvince":"","_VenueLat":"","_VenueLng":"","_VenueShowMap":false,"_VenueShowMapLink":false,"_tribe_blocks_recurrence_rules":"","_tribe_blocks_recurrence_description":"","_tribe_blocks_recurrence_exclusions":"","_ecp_custom_2":"","_kad_post_transparent":"","_kad_post_title":"","_kad_post_layout":"","_kad_post_sidebar_id":"","_kad_post_content_style":"","_kad_post_vertical_padding":"","_kad_post_feature":"","_kad_post_feature_position":"","_kad_post_header":false,"_kad_post_footer":false,"_kad_post_classname":"","_glsr_average":0,"_glsr_ranking":0,"_glsr_reviews":0,"footnotes":""},"class_list":["post-412","page","type-page","status-publish","hentry"],"taxonomy_info":[],"featured_image_src_large":false,"author_info":{"display_name":"Joanne Roy","author_link":"https:\/\/clubveloids.org\/wordpress\/author\/admin23\/"},"comment_info":0,"_links":{"self":[{"href":"https:\/\/clubveloids.org\/wordpress\/wp-json\/wp\/v2\/pages\/412","targetHints":{"allow":["GET"]}}],"collection":[{"href":"https:\/\/clubveloids.org\/wordpress\/wp-json\/wp\/v2\/pages"}],"about":[{"href":"https:\/\/clubveloids.org\/wordpress\/wp-json\/wp\/v2\/types\/page"}],"author":[{"embeddable":true,"href":"https:\/\/clubveloids.org\/wordpress\/wp-json\/wp\/v2\/users\/1"}],"replies":[{"embeddable":true,"href":"https:\/\/clubveloids.org\/wordpress\/wp-json\/wp\/v2\/comments?post=412"}],"version-history":[{"count":28,"href":"https:\/\/clubveloids.org\/wordpress\/wp-json\/wp\/v2\/pages\/412\/revisions"}],"predecessor-version":[{"id":13185,"href":"https:\/\/clubveloids.org\/wordpress\/wp-json\/wp\/v2\/pages\/412\/revisions\/13185"}],"wp:attachment":[{"href":"https:\/\/clubveloids.org\/wordpress\/wp-json\/wp\/v2\/media?parent=412"}],"curies":[{"name":"wp","href":"https:\/\/api.w.org\/{rel}","templated":true}]}}